{"id":185,"date":"2019-02-04T12:26:41","date_gmt":"2019-02-04T12:26:41","guid":{"rendered":"http:\/\/www.centromedicosanjose.cl\/?page_id=185"},"modified":"2019-06-26T17:04:03","modified_gmt":"2019-06-26T17:04:03","slug":"eco-ginecologia","status":"publish","type":"page","link":"https:\/\/www.centromedicomariquina.cl\/index.php\/eco-ginecologia\/","title":{"rendered":"Ecograf\u00eda Ginecol\u00f3gica"},"content":{"rendered":"\n<figure class=\"wp-block-image is-resized\"><img loading=\"lazy\" decoding=\"async\" src=\"http:\/\/www.centromedicosanjoseweb.com\/wp-content\/uploads\/2019\/06\/eco_gine-1024x575.png\" alt=\"\" class=\"wp-image-905\" width=\"512\" height=\"288\" srcset=\"https:\/\/www.centromedicomariquina.cl\/wp-content\/uploads\/2019\/06\/eco_gine-1024x575.png 1024w, https:\/\/www.centromedicomariquina.cl\/wp-content\/uploads\/2019\/06\/eco_gine-300x169.png 300w, https:\/\/www.centromedicomariquina.cl\/wp-content\/uploads\/2019\/06\/eco_gine-768x432.png 768w, https:\/\/www.centromedicomariquina.cl\/wp-content\/uploads\/2019\/06\/eco_gine.png 1228w\" sizes=\"auto, (max-width: 512px) 100vw, 512px\" \/><\/figure>\n\n\n\n<p>La&nbsp;<strong>ecotomograf\u00eda<\/strong>&nbsp;o&nbsp;<strong>ecograf\u00eda<\/strong>, conocida tambi\u00e9n como ultrasonograf\u00eda o ecosonograf\u00eda, es un procedimiento de diagn\u00f3stico que emplea el ultrasonido para crear im\u00e1genes bidimensionales o tridimensionales.<\/p>\n\n\n\n<p>Mediante la utilizaci\u00f3n de un peque\u00f1o instrumento llamado \u201ctransductor\u201d, se emiten ondas de ultrasonido, las cuales se transmiten hacia el \u00e1rea del cuerpo que se quiere estudiar. El transductor recoge el eco de las ondas sonoras y una computadora convierte este eco en una imagen que aparece en la pantalla.<\/p>\n\n\n\n<p>Al someterse a un examen de ecotomograf\u00eda, el paciente suele recostarse sobre una camilla, mientras el m\u00e9dico mueve el transductor sobre la parte del cuerpo a examinar. Antes es preciso colocar un gel sobre la piel para la correcta transmisi\u00f3n de los ultrasonidos. Las ecotomograf\u00edas no son invasivas, ya que a diferencia las radiograf\u00edas, no se utiliza radiaci\u00f3n nuclear.<\/p>\n\n\n\n<p>La ecograf\u00eda ginecol\u00f3gica es una t\u00e9cnica de exploraci\u00f3n no invasiva que, mediante ultrasonidos, nos permite visualizar los genitales internos de la mujer.<\/p>\n\n\n\n<p>Se puede realizar por diferentes v\u00edas, siendo las m\u00e1s frecuentes la vaginal y la abdominal.<\/p>\n\n\n\n<p>En la actualidad la mayor\u00eda de las ecograf\u00edas se realizan v\u00eda vaginal, introduciendo un peque\u00f1o transductor en la vagina, ya que con \u00e9sta las im\u00e1genes de los ovarios y el \u00fatero son m\u00e1s grandes y claras que con la abdominal, al situarse la sonda m\u00e1s cerca de los tejidos.<\/p>\n\n\n\n<p>La v\u00eda abdominal queda indicada s\u00f3lo para mujeres que no hayan mantenido relaciones sexuales o en casos especiales que no se puedan valorar correctamente por v\u00eda vaginal.<\/p>\n\n\n\n<p>La ecograf\u00eda ginecol\u00f3gica juega un papel fundamental en detecci\u00f3n precoz de cualquier tipo de alteraci\u00f3n ginecol\u00f3gica, y muy en especial de algunos tipos de c\u00e1ncer como el de ovario.\u2022&nbsp;Ecotomograf\u00eda transvaginal\u2022&nbsp;Ecotomograf\u00eda obst\u00e9trica<\/p>\n","protected":false},"excerpt":{"rendered":"<p>La&nbsp;ecotomograf\u00eda&nbsp;o&nbsp;ecograf\u00eda, conocida tambi\u00e9n como ultrasonograf\u00eda o ecosonograf\u00eda, es un procedimiento de diagn\u00f3stico que emplea el ultrasonido para crear im\u00e1genes bidimensionales o tridimensionales. Mediante la utilizaci\u00f3n de un peque\u00f1o instrumento llamado \u201ctransductor\u201d, se emiten ondas de ultrasonido, las cuales se transmiten hacia el \u00e1rea del cuerpo que se quiere estudiar. El transductor recoge el eco de [&hellip;]<\/p>\n","protected":false},"author":1,"featured_media":0,"parent":0,"menu_order":0,"comment_status":"closed","ping_status":"closed","template":"","meta":{"spay_email":"","footnotes":""},"class_list":["post-185","page","type-page","status-publish","hentry"],"yoast_head":"<!-- This site is optimized with the Yoast SEO plugin v14.4.1 - https:\/\/yoast.com\/wordpress\/plugins\/seo\/ -->\n<title>Ecograf\u00eda Ginecol\u00f3gica - Centro M\u00e9dico y Odontol\u00f3gico San Jos\u00e9<\/title>\n<meta name=\"robots\" content=\"index, follow\" \/>\n<meta name=\"googlebot\" content=\"index, follow, max-snippet:-1, max-image-preview:large, max-video-preview:-1\" \/>\n<meta name=\"bingbot\" content=\"index, follow, max-snippet:-1, max-image-preview:large, max-video-preview:-1\" \/>\n<link rel=\"canonical\" href=\"http:\/\/www.centromedicomariquina.cl\/index.php\/eco-ginecologia\/\" \/>\n<meta property=\"og:locale\" content=\"es_ES\" \/>\n<meta property=\"og:type\" content=\"article\" \/>\n<meta property=\"og:title\" content=\"Ecograf\u00eda Ginecol\u00f3gica - Centro M\u00e9dico y Odontol\u00f3gico San Jos\u00e9\" \/>\n<meta property=\"og:description\" content=\"La&nbsp;ecotomograf\u00eda&nbsp;o&nbsp;ecograf\u00eda, conocida tambi\u00e9n como ultrasonograf\u00eda o ecosonograf\u00eda, es un procedimiento de diagn\u00f3stico que emplea el ultrasonido para crear im\u00e1genes bidimensionales o tridimensionales. Mediante la utilizaci\u00f3n de un peque\u00f1o instrumento llamado \u201ctransductor\u201d, se emiten ondas de ultrasonido, las cuales se transmiten hacia el \u00e1rea del cuerpo que se quiere estudiar. El transductor recoge el eco de [&hellip;]\" \/>\n<meta property=\"og:url\" content=\"http:\/\/www.centromedicomariquina.cl\/index.php\/eco-ginecologia\/\" \/>\n<meta property=\"og:site_name\" content=\"Centro M\u00e9dico y Odontol\u00f3gico San Jos\u00e9\" \/>\n<meta property=\"article:modified_time\" content=\"2019-06-26T17:04:03+00:00\" \/>\n<meta property=\"og:image\" content=\"http:\/\/www.centromedicosanjoseweb.com\/wp-content\/uploads\/2019\/06\/eco_gine-1024x575.png\" \/>\n<meta name=\"twitter:card\" content=\"summary_large_image\" \/>\n<script type=\"application\/ld+json\" class=\"yoast-schema-graph\">{\"@context\":\"https:\/\/schema.org\",\"@graph\":[{\"@type\":\"WebSite\",\"@id\":\"https:\/\/www.centromedicomariquina.cl\/#website\",\"url\":\"https:\/\/www.centromedicomariquina.cl\/\",\"name\":\"Centro M\\u00e9dico y Odontol\\u00f3gico San Jos\\u00e9\",\"description\":\"\",\"potentialAction\":[{\"@type\":\"SearchAction\",\"target\":\"https:\/\/www.centromedicomariquina.cl\/?s={search_term_string}\",\"query-input\":\"required name=search_term_string\"}],\"inLanguage\":\"es-CL\"},{\"@type\":\"ImageObject\",\"@id\":\"http:\/\/www.centromedicomariquina.cl\/index.php\/eco-ginecologia\/#primaryimage\",\"inLanguage\":\"es-CL\",\"url\":\"http:\/\/www.centromedicosanjoseweb.com\/wp-content\/uploads\/2019\/06\/eco_gine-1024x575.png\"},{\"@type\":\"WebPage\",\"@id\":\"http:\/\/www.centromedicomariquina.cl\/index.php\/eco-ginecologia\/#webpage\",\"url\":\"http:\/\/www.centromedicomariquina.cl\/index.php\/eco-ginecologia\/\",\"name\":\"Ecograf\\u00eda Ginecol\\u00f3gica - Centro M\\u00e9dico y Odontol\\u00f3gico San Jos\\u00e9\",\"isPartOf\":{\"@id\":\"https:\/\/www.centromedicomariquina.cl\/#website\"},\"primaryImageOfPage\":{\"@id\":\"http:\/\/www.centromedicomariquina.cl\/index.php\/eco-ginecologia\/#primaryimage\"},\"datePublished\":\"2019-02-04T12:26:41+00:00\",\"dateModified\":\"2019-06-26T17:04:03+00:00\",\"inLanguage\":\"es-CL\",\"potentialAction\":[{\"@type\":\"ReadAction\",\"target\":[\"http:\/\/www.centromedicomariquina.cl\/index.php\/eco-ginecologia\/\"]}]}]}<\/script>\n<!-- \/ Yoast SEO plugin. -->","jetpack_shortlink":"https:\/\/wp.me\/Pb2D0S-2Z","jetpack_sharing_enabled":true,"_links":{"self":[{"href":"https:\/\/www.centromedicomariquina.cl\/index.php\/wp-json\/wp\/v2\/pages\/185","targetHints":{"allow":["GET"]}}],"collection":[{"href":"https:\/\/www.centromedicomariquina.cl\/index.php\/wp-json\/wp\/v2\/pages"}],"about":[{"href":"https:\/\/www.centromedicomariquina.cl\/index.php\/wp-json\/wp\/v2\/types\/page"}],"author":[{"embeddable":true,"href":"https:\/\/www.centromedicomariquina.cl\/index.php\/wp-json\/wp\/v2\/users\/1"}],"replies":[{"embeddable":true,"href":"https:\/\/www.centromedicomariquina.cl\/index.php\/wp-json\/wp\/v2\/comments?post=185"}],"version-history":[{"count":4,"href":"https:\/\/www.centromedicomariquina.cl\/index.php\/wp-json\/wp\/v2\/pages\/185\/revisions"}],"predecessor-version":[{"id":1010,"href":"https:\/\/www.centromedicomariquina.cl\/index.php\/wp-json\/wp\/v2\/pages\/185\/revisions\/1010"}],"wp:attachment":[{"href":"https:\/\/www.centromedicomariquina.cl\/index.php\/wp-json\/wp\/v2\/media?parent=185"}],"curies":[{"name":"wp","href":"https:\/\/api.w.org\/{rel}","templated":true}]}}