{"id":352,"date":"2019-02-06T11:48:41","date_gmt":"2019-02-06T11:48:41","guid":{"rendered":"http:\/\/www.centromedicosanjose.cl\/?page_id=352"},"modified":"2019-02-23T13:38:34","modified_gmt":"2019-02-23T13:38:34","slug":"ubicacion","status":"publish","type":"page","link":"https:\/\/www.centromedicomariquina.cl\/index.php\/ubicacion\/","title":{"rendered":"Ubicaci\u00f3n"},"content":{"rendered":"\n<div class=\"col-md-8 col-sm-7 text-align-left\">\n<span class=\"phone-icon\"><i class=\"fa fa-phone\"><\/i> 63-2451010<\/span>\n\t<br>\n<span class=\"date-icon\"><i class=\"fa fa-calendar-plus-o\"><\/i> 8:00 AM &#8211; 09:00 PM (Lun-Vie)<\/span>\n<br>\n<span class=\"date-icon\"><i class=\"fa fa-calendar-plus-o\"><\/i> 8:00 AM &#8211; 02:00 PM (Sab)<\/span>\n<br>\n\t<span class=\"email-icon\"><i class=\"fa fa-envelope-o\"><\/i> <a href=\"#\">contacto@centromedicosanjoseweb.com<\/a><\/span>\n                    <\/div>\n\n\n\n<!-- GOOGLE MAP -->\n     <section id=\"google-map\">\n     <!-- How to change your own map point\n            1. Go to Google Maps\n            2. Click on your location point\n            3. Click \"Share\" and choose \"Embed map\" tab\n            4. Copy only URL and paste it within the src=\"\" field below\n\t-->\n\n<iframe loading=\"lazy\" src=\"https:\/\/www.google.com\/maps\/embed?pb=!1m18!1m12!1m3!1d3076.8596574647245!2d-72.9640319849456!3d-39.540219879476595!2m3!1f0!2f0!3f0!3m2!1i1024!2i768!4f13.1!3m3!1m2!1s0x9615bb0f89ad6577%3A0xc68113e891369b7c!2sCentro+M%C3%A9dico+y+Odontol%C3%B3gico+San+Jos%C3%A9.!5e0!3m2!1ses-419!2scl!4v1549645487091\" width=\"600\" height=\"450\" frameborder=\"0\" style=\"border:0\" allowfullscreen=\"\"><\/iframe>\n     <\/section>\n","protected":false},"excerpt":{"rendered":"<p>63-2451010 8:00 AM &#8211; 09:00 PM (Lun-Vie) 8:00 AM &#8211; 02:00 PM (Sab) contacto@centromedicosanjoseweb.com<\/p>\n","protected":false},"author":1,"featured_media":0,"parent":0,"menu_order":0,"comment_status":"closed","ping_status":"closed","template":"","meta":{"spay_email":"","footnotes":""},"class_list":["post-352","page","type-page","status-publish","hentry"],"yoast_head":"<!-- This site is optimized with the Yoast SEO plugin v14.4.1 - https:\/\/yoast.com\/wordpress\/plugins\/seo\/ -->\n<title>Ubicaci\u00f3n - Centro M\u00e9dico y Odontol\u00f3gico San Jos\u00e9<\/title>\n<meta name=\"robots\" content=\"index, follow\" \/>\n<meta name=\"googlebot\" content=\"index, follow, max-snippet:-1, max-image-preview:large, max-video-preview:-1\" \/>\n<meta name=\"bingbot\" content=\"index, follow, max-snippet:-1, max-image-preview:large, max-video-preview:-1\" \/>\n<link rel=\"canonical\" href=\"https:\/\/www.centromedicomariquina.cl\/index.php\/ubicacion\/\" \/>\n<meta property=\"og:locale\" content=\"es_ES\" \/>\n<meta property=\"og:type\" content=\"article\" \/>\n<meta property=\"og:title\" content=\"Ubicaci\u00f3n - Centro M\u00e9dico y Odontol\u00f3gico San Jos\u00e9\" \/>\n<meta property=\"og:description\" content=\"63-2451010 8:00 AM &#8211; 09:00 PM (Lun-Vie) 8:00 AM &#8211; 02:00 PM (Sab) contacto@centromedicosanjoseweb.com\" \/>\n<meta property=\"og:url\" content=\"https:\/\/www.centromedicomariquina.cl\/index.php\/ubicacion\/\" \/>\n<meta property=\"og:site_name\" content=\"Centro M\u00e9dico y Odontol\u00f3gico San Jos\u00e9\" \/>\n<meta property=\"article:modified_time\" content=\"2019-02-23T13:38:34+00:00\" \/>\n<meta name=\"twitter:card\" content=\"summary_large_image\" \/>\n<script type=\"application\/ld+json\" class=\"yoast-schema-graph\">{\"@context\":\"https:\/\/schema.org\",\"@graph\":[{\"@type\":\"WebSite\",\"@id\":\"https:\/\/www.centromedicomariquina.cl\/#website\",\"url\":\"https:\/\/www.centromedicomariquina.cl\/\",\"name\":\"Centro M\\u00e9dico y Odontol\\u00f3gico San Jos\\u00e9\",\"description\":\"\",\"potentialAction\":[{\"@type\":\"SearchAction\",\"target\":\"https:\/\/www.centromedicomariquina.cl\/?s={search_term_string}\",\"query-input\":\"required name=search_term_string\"}],\"inLanguage\":\"es-CL\"},{\"@type\":\"WebPage\",\"@id\":\"https:\/\/www.centromedicomariquina.cl\/index.php\/ubicacion\/#webpage\",\"url\":\"https:\/\/www.centromedicomariquina.cl\/index.php\/ubicacion\/\",\"name\":\"Ubicaci\\u00f3n - Centro M\\u00e9dico y Odontol\\u00f3gico San Jos\\u00e9\",\"isPartOf\":{\"@id\":\"https:\/\/www.centromedicomariquina.cl\/#website\"},\"datePublished\":\"2019-02-06T11:48:41+00:00\",\"dateModified\":\"2019-02-23T13:38:34+00:00\",\"inLanguage\":\"es-CL\",\"potentialAction\":[{\"@type\":\"ReadAction\",\"target\":[\"https:\/\/www.centromedicomariquina.cl\/index.php\/ubicacion\/\"]}]}]}<\/script>\n<!-- \/ Yoast SEO plugin. -->","jetpack_shortlink":"https:\/\/wp.me\/Pb2D0S-5G","jetpack_sharing_enabled":true,"_links":{"self":[{"href":"https:\/\/www.centromedicomariquina.cl\/index.php\/wp-json\/wp\/v2\/pages\/352","targetHints":{"allow":["GET"]}}],"collection":[{"href":"https:\/\/www.centromedicomariquina.cl\/index.php\/wp-json\/wp\/v2\/pages"}],"about":[{"href":"https:\/\/www.centromedicomariquina.cl\/index.php\/wp-json\/wp\/v2\/types\/page"}],"author":[{"embeddable":true,"href":"https:\/\/www.centromedicomariquina.cl\/index.php\/wp-json\/wp\/v2\/users\/1"}],"replies":[{"embeddable":true,"href":"https:\/\/www.centromedicomariquina.cl\/index.php\/wp-json\/wp\/v2\/comments?post=352"}],"version-history":[{"count":6,"href":"https:\/\/www.centromedicomariquina.cl\/index.php\/wp-json\/wp\/v2\/pages\/352\/revisions"}],"predecessor-version":[{"id":554,"href":"https:\/\/www.centromedicomariquina.cl\/index.php\/wp-json\/wp\/v2\/pages\/352\/revisions\/554"}],"wp:attachment":[{"href":"https:\/\/www.centromedicomariquina.cl\/index.php\/wp-json\/wp\/v2\/media?parent=352"}],"curies":[{"name":"wp","href":"https:\/\/api.w.org\/{rel}","templated":true}]}}